-16) - 0. Suppose 0*j - j + f*v = 6, j - 6 = -v. Suppose -j = -3*r + 12. Determine m(r).
3
Let n(t) = 0*t - t + 0*t. Let o be n(-2). Let p(r) = 3*r**2 + 3*r**o - r - 7*r**2 - r. Give p(-3).
-3
Suppose 8*k - 20*k - 60 = 0. Let p(z) = -4*z - 12. Calculate p(k).
8
Let f(l) = -5*l - 2. Let d(n) = n**2 + 6*n + 1. Let c(s) = -2*d(s) - 3*f(s). Let q = 287 - 284. Determine c(q).
-5
Let y(k) = -k - 3. Let b be y(-6). Let i(r) = -b + 2*r + r - 4*r. Suppose 0 = -3*t, -5*d - 3*t + 2*t = 10. What is i(d)?
-1
Let g(y) = -y**2 + 8*y - 2. Let l(z) = 15*z - 26. Let q be l(2). Give g(q).
14
Let m = -204 + 24481/120. Let u(d) be the third derivative of -1/8*d**4 - 2*d**2 + m*d**6 + 0*d - 5/6*d**3 + 1/15*d**5 + 0. Determine u(-4).
7
Let m(b) = 6*b + 44. Let v(q) = 7*q + 52. Let w(k) = 6*m(k) - 5*v(k). Determine w(2).
6
Let u(z) = -8*z - 15. Let a(m) = -2*m - 4. Let l(b) = -22*a(b) + 6*u(b). Let q be l(-2). Let s(j) = 41*j - 12*j - 8*j - 2 - 12*j - 8*j. Determine s(q).
4
Let g(i) = i**2 + 4*i + 3. Let t(o) = 2*o - 2. Let r = 13 + -10. Let d be t(r). Suppose -h = -d + 7. Give g(h).
0
Let u(p) = -2*p**2 + 11*p + 7. Let l(b) = b**2 - 5*b - 3. Let n(v) = 9*l(v) + 4*u(v). Let o be (-2)/6 + (-56)/(-6). Suppose -i + o = 2*i. Give n(i).
7
Suppose 0 = -2*c + 5*h + 4, 2*c + 2*h = -0*c + 4. Let t be (4/(-5))/(c/15). Let j(b) = -11 + b + 15 - 2*b - 9. Give j(t).
1
Let h(l) be the second derivative of -1/12*l**4 + 0 + 37*l + 4/3*l**3 - 4*l**2. What is h(7)?
-1
Suppose -1 = t - 4. Let d(l) be the first derivative of -l**3/3 + 3*l**2/2 + 2*l - 1. Let w be d(t). Let x(r) = -r. Calculate x(w).
-2
Let t(a) be the third derivative of -a**5/20 - 5*a**4/24 + 5*a**3/6 + 14*a**2. Let v(g) = g**2 + 1. Let d(n) = t(n) + v(n). Determine d(-5).
-19
Let k be (-3 + 4)/((-4)/68). Let y(c) = 11*c + 2. Suppose 0 = -2*x + 5*x + 18. Let i(m) = -4*m - 1. Let u(d) = k*i(d) + x*y(d). Calculate u(-5).
-5
Suppose -7*w - 28 = -3*w. Let d(g) be the first derivative of g**4/4 + 8*g**3/3 + 3*g**2 - 9*g - 86. Give d(w).
-2
Let v = 66 - 49. Let n(z) = 7 + 10*z + 13*z**3 - 31*z**3 + v*z**3 - 7*z**2 - 2*z. Give n(-8).
7
Let a = -50 + 50. Let l(x) = x**3 + x**2 + x + 5. Give l(a).
5
Suppose -2*z - 4*s - 38 = 0, s = 3*z - 4*s + 24. Let x = z - -9. Let q(b) = -4*b + 2. Let f(k) = -k + 1. Let y(a) = -14*f(a) + 4*q(a). Give y(x).
2
Let x(c) = 12*c + 64. Let i(r) = 7*r + 35. Let f(j) = -11*i(j) + 6*x(j). Determine f(-3).
14
Let p = 66 + -64. Suppose 2*h + 12 = -5*u - 0, -24 = 4*h - p*u. Let i(c) = -c - 11. Determine i(h).
-5
Let v be -2 + (2 - -2) - -1. Suppose -y = -21 + v. Let n = y + -24. Let b(i) = i**2 + 4*i - 6. Determine b(n).
6
Let j(f) = f - 10 - f**2 + 4 + 5*f. Let l = -5 + 10. Suppose 20 = l*v - 0*v. What is j(v)?
2
Suppose 1 = 4*q - 7. Suppose q*u = -5*b, 4*b + b = -u - 5. Let i(s) = s**2 - 7*s + 4. Give i(u).
-6
Let t(i) = -i**2 + 7*i - 4. Suppose -2*n = 3*n - 15. Let h be t(n). Suppose 0 = -3*o - 7 - h. Let l(d) = d**3 + 5*d**2 - d + 2. Give l(o).
7
Let c(x) = -x + 4. Suppose 42*t - 348 + 54 = 0. What is c(t)?
-3
Let z be 1*3 - (3 + -4). Let j(l) = 2*l**2 - 5*l + 2. Let t(g) be the first derivative of g**3/3 - g**2 + g + 7. Let i(b) = 4*j(b) - 7*t(b). Give i(z).
-7
Let i(w) = -w**3 + w**2 + w - 2. Let c(x) = -3*x**3 + 2*x**2 + 3*x - 5. Let l(r) = -4*c(r) + 11*i(r). Give l(-3).
1
Let q(d) = -1 + 4 + 4 - 8*d + 0 - 2. Give q(6).
-43
Suppose f - 9 = -3*d - 2*f, -4*f + 16 = 5*d. Let m = -7 + d. Let b(u) = u**2 - 3. Let k(p) = -p**2 + p + 6. Let q(t) = 5*b(t) + 3*k(t). Give q(m).
12
Let x(a) = a + 6. Suppose -9*z + 5*i = -4*z - 180, 4*z - 136 = -4*i. Suppose -20*t - z = -13*t. Calculate x(t).
1
Let o(u) be the third derivative of u**7/840 + u**6/360 - u**5/120 - u**4/12 + 10*u**3/3 + 10*u**2. Let m(t) be the first derivative of o(t). Calculate m(-3).
-17
Let a = -11 + 6. Let l(y) = 2*y - 10 + y - 6*y**2 - 3*y**2 + 4*y**2 + 12 - y**3. Determine l(a).
-13
Suppose 0*j = j - 3. Let l(v) = -v**2 + 4*v - 9. Suppose 0 = -2*y + 11 - 1. Let q(c) = c**2 - 4*c + 10. Let s(k) = y*q(k) + 6*l(k). Calculate s(j).
-1
Let s(r) = 97*r + 177. Let q(u) = 13*u + 25. Let o(f) = -15*q(f) + 2*s(f). Give o(-8).
-13
Let v(m) be the second derivative of -5*m**3/3 + 4*m. Suppose 2*b + 0 = 3*j + 30, 0 = 2*j + 4*b + 4. Let o = -9 - j. What is v(o)?
10
Let r(y) = -2*y + 4*y + 6*y. Suppose -2*x = u + 117, 199 = -4*x + 7*u - 2*u. Let i = x - -57. Give r(i).
8
Let z(v) = -20*v + 12. Let r(f) = -7*f + 4. Let x(w) = -14*r(w) + 5*z(w). Let g(k) = -1. Let i(y) = 6*g(y) + x(y). Determine i(3).
-8
Let m(l) = -6*l + 1. Suppose -12*g = -15*g + 30. Suppose 16*p - 21*p - g = 0. Determine m(p).
13
Suppose 5*y + 3*y = -32. Let x(c) = 3*c**2 + 2*c + 1. Let g(s) = -2*s**2 - 2*s - 1. Let t(v) = y*g(v) - 3*x(v). Give t(5).
-14
Let a(v) = 3*v - 2. Let i(b) = -4*b + 9. Let h(k) = a(k) + i(k). Calculate h(6).
1
Suppose 21*z - 25*z - 452 = 0. Let n = 113 + z. Let b(o) = -o**2 - o - 19. Calculate b(n).
-19
Let h(u) = 2*u - 15. Let b(c) = c - 10. Let a(j) = 8*b(j) - 5*h(j). Let p = -20 - -23. Suppose -p*o + 18 = -q, 4*q + 0*o + 3*o = -12. Calculate a(q).
7
Let a(f) = -30*f - 27*f + 45*f - 1. Give a(1).
-13
Let d(l) = l**2 - 19*l + 25. Let p be d(18). Let i(g) = 2*g**2 - 5*g**2 - g**3 + 13 + 7*g - p. Let f(z) = -3*z + 2. Let u be f(2). Calculate i(u).
-6
Let j(a) = -7*a - 2. Let w(p) = -15*p - 5. Let g(r) = -7*j(r) + 3*w(r). Determine g(3).
11
Let s(y) be the first derivative of y**2/2 + y - 1127. Suppose -r + 4*d - 6 - 13 = 0, -5*r = 3*d + 3. Determine s(r).
-2
Let k(o) = -21*o**3 - 12*o**2 - 7*o - 38. Let f(q) = -13*q**3 - 8*q**2 - 5*q - 25. Let m(a) = -8*f(a) + 5*k(a). Determine m(5).
10
Let v be 5 + (3 + (-11)/4)*-4. Let u(g) = -7 - 6 + 11 - 4*g + g**2. Calculate u(v).
-2
Let z(g) = -54*g + 58*g + g**3 + 7 + 4*g**2 + 4*g**2. Give z(-8).
-25
Let b(l) be the first derivative of l**2 + 23*l + 986. What is b(-9)?
5
Let w(x) = 26*x + 14. Let a(o) = 9*o + 5. Let r(q) = q**2 - 9*q + 14. Let c be r(8). Let l(k) = c*w(k) - 17*a(k). Give l(4).
11
Let c(m) = m + 0 + 2 + 55*m**2 - 1 - 63*m**2. What is c(-1)?
-8
Suppose -2*f - 5 = 4*j + 43, 2*f = -5*j - 58. Let v = 17 + j. Let u(n) = 7*n - 47*n**2 + 28*n**2 + 2*n + 24*n**2 - v - n**3. Calculate u(6).
11
Let x(u) be the third derivative of -u**5/20 + u**4/12 - u**3/3 + 2083*u**2. Let g(m) = -m**3 + 4*m**2 - 4*m + 2. Let y be g(2). Give x(y).
-10
Let r(x) = -x. Suppose 0 = 188*j - 178*j + 30. Calculate r(j).
3
Let j(z) = -2*z**3 - 13*z**2 - 13*z + 14. Let q(i) = -i**3 - 6*i**2 - 6*i + 6. Let w(t) = 3*j(t) - 7*q(t). What is w(-3)?
-9
Let r(m) = -2*m**2 - 2*m - 2. Let z = -10 + 15. Suppose n = 3*u + 7, z*u + 2*n = -3*n - 5. Determine r(u).
-6
Let i(g) = -g**2 - 5*g - 5. Let k be -9 + -59 - 2/1. Let w = -76 - k. Give i(w).
-11
Let y(k) be the second derivative of -k**4/12 + 2*k**3/3 - 7*k**2/2 + 88*k. Give y(4).
-7
Let w = -52 - -51. Let d be (w + 0)/(27/6 - 4). Let i(k) = -4*k - 1. Calculate i(d).
7
Let m(d) be the third derivative of 5*d**4/24 - d**3/6 - 82*d**2. Calculate m(2).
9
Let g(s) be the first derivative of s**5/20 + s**4/2 - s**3/6 - 3*s**2/2 + 12*s - 1. Let c(v) be the first derivative of g(v). What is c(-6)?
3
Let l(c) = -c**3 - 6*c**2 - 4*c - 2. Let a = 72 - 65. Suppose 0 = a*w - 8 + 22. What is l(w)?
-10
Let f(c) be the third derivative of -c**4/24 - 7*c**3/6 - 7*c**2 - 2. What is f(4)?
-11
Let o(w) = -13*w + 4. Let f be (-1)/2 - (1 + (-15)/(-2)). Let q(l) = 3*l - 1. Let i(v) = f*q(v) - 2*o(v). Give i(8).
-7
Let c(s) be the first derivative of -s**4/4 - s**3 + 5*s**2 - 6*s + 148. What is c(-5)?
-6
Let c(s) = -s - 12. Let j(u) = -1. Let l(b) = c(b) - 4*j(b). Let i(f) = -3*f - 15. Let p(x) = 2*i(x) - 5*l(x). Let q = 6 + -6. What is p(q)?
10
Let u(f) be the third derivative of 7*f**4/24 - 3*f**2. Let x(y) = -y**2 + y - 2. Let o be x(2). Let z(g) = g + 5. Let t be z(o). Calculate u(t).
7
Let n(i) = -i**3 + i**2 - 1. Let r(h) be the first derivative of -1/3*h**3 - 18*h - 14 - 11/2*h**2. Let d be r(-9). Determine n(d).
-1
Let i = -14 + 10. Let d be i + (7 - 0 - 0). Let o(p) = -d*p**2 + 0*p**2 + 4*p**2 + 6*p. Give o(-5).
-5
Let c(p) = -p**2 + 6*p + 6. Let d = 87 + -67. Suppose 4*r = -q + 5, -4*q - 4*r + 0*r + d = 0. Determine c(q).
11
Let x(m) be the first derivative of m**3/3 + 6*m - 174. What is x(0)?
6
Let i = 